) = 11*f + 1 - 6*f + 7*f + 2*f. List the prime factors of z(i).
29
Let q(w) = 2*w**3 - w + 4. List the prime factors of q(3).
5, 11
Let u = 271 - 109. List the prime factors of u.
2, 3
Let h be (90/(-20))/(3/(-4)). Suppose 2*q - h = q. List the prime factors of q.
2, 3
Let w(q) = q - 5. Let h be w(5). Suppose -3*r + h*r + 6 = 0. Suppose -2*l + 2 = 0, r*l - 20 = -j + l. What are the prime factors of j?
19
Suppose 117 = 2*q + 3*x, -2*q = 21*x - 17*x - 112. What are the prime factors of q?
2, 3, 11
Let u(h) = 459*h**3 - h**2 - 4*h + 4. List the prime factors of u(1).
2, 229
Let y be (-6)/10 + (-212)/(-20). Suppose -3*p + y = -2*r, -4*p = -2*p + 3*r + 2. List the prime factors of (66/(-11))/(p/(-9)).
3
Let j(l) = 7*l**2 - 21*l + 21. List the prime factors of j(-9).
3, 7, 37
Suppose 0 = 39*y - 35636 - 126019. What are the prime factors of y?
5, 829
Let o(u) be the third derivative of 0*u - 5*u**2 + 0 - 1/24*u**4 - 7/6*u**3 - 1/20*u**5 + 1/120*u**6. What are the prime factors of o(4)?
5
Suppose -5*g = 20, 333 = 4*u - 3*g - 451. Let c = u + -58. List the prime factors of c.
3, 5
Let h be 3/6 + 4/8. Let x = 2 + h. Suppose 0 = -x*m + 2*a + 89, 0 = -5*m - 4*a + a + 123. List the prime factors of m.
3
Suppose -30 = -14*p + 180. What are the prime factors of (-4)/(-8) - 226*p/(-12)?
283
Let j(d) = d**3 - 7*d**2 - 17*d + 3. Let w be j(9). Suppose 0 = 4*z - w, 77 = -3*i - 2*z + 308. What are the prime factors of i?
3, 5
Suppose 5*n - 2*n = 9. Suppose 0 = n*a - 5*a - 4*j + 86, -4*a + 151 = j. Let z = a - 10. What are the prime factors of z?
3
Let s(i) = -i + 198. Suppose -3*c + c = c. List the prime factors of s(c).
2, 3, 11
Suppose 0*u - 4*u - 56 = 0. Let z = u - -18. Suppose 0 = z*r - 3*r - 11. List the prime factors of r.
11
Let x = 37 - 37. Suppose -2*y + 13*y - 803 = x. What are the prime factors of y?
73
Suppose -63*u + 88*u - 48450 = 0. List the prime factors of u.
2, 3, 17, 19
Let p(v) = -v**2 + 7. Let j be p(-3). Let b be (-324)/8*j + -3. What are the prime factors of (-13)/b - (-26)/12?
2
Let t be (24/4)/(-2 - (-2 - -2)). List the prime factors of 259 - 1/t*0.
7, 37
Suppose 0 = -2*s - 14*s + 6496. Suppose 0 = -4*d + s + 138. List the prime factors of d.
2, 17
Let s(w) = 4*w**2 - 23*w + 127. What are the prime factors of s(-16)?
7, 31
Let j(v) = 82*v - 1053. List the prime factors of j(24).
3, 5, 61
Let r = 4 + -6. Let v be 0/3*r/4. Suppose -3*d - 19 + 88 = v. What are the prime factors of d?
23
Let u(z) = 19*z**3 + 6*z**2 + 35*z - 143. List the prime factors of u(5).
2557
Suppose 4*d - 3*v = 14280, -33*v = -30*v. List the prime factors of d.
2, 3, 5, 7, 17
Let s = 1106 + -94. List the prime factors of s.
2, 11, 23
Let k = 48 - 53. List the prime factors of k/(-35) + (-496)/(-7).
71
Suppose 2*l + 5*u - 10338 = 0, -5*l + 0*u + 3*u = -25876. What are the prime factors of l?
2, 13, 199
Suppose -131 = -s + 89. What are the prime factors of s?
2, 5, 11
Let j(h) = 74*h**3 + h**2 - 3*h + 2. Let k(z) = -z**3 + 7*z**2 - 4*z - 11. Let b be k(6). What are the prime factors of j(b)?
2, 37
Let x = -1661 - -2357. Suppose -9*w + 24 = -x. What are the prime factors of w?
2, 5
Let l = 12 - 12. Suppose 2*a = 2*m - l*a - 34, -4*a = 4. Suppose m = 3*n - 32. List the prime factors of n.
2
Let f(h) = -19*h - 100. What are the prime factors of f(-17)?
223
Let g(r) = -r**2 + 5*r + 17. Let q(u) = -u**2 + 4*u + 18. Let p(o) = -3*g(o) + 2*q(o). List the prime factors of p(11).
29
Let u be 4/1*(-10)/(-20). Suppose 0 = -r + 7 - u. Suppose -r*m = 2*q - 5*q + 259, -75 = -q - 4*m. What are the prime factors of q?
83
Let o be (38 + -1)*(14 + -2). Suppose 5*d + d - o = 0. What are the prime factors of d?
2, 37
Suppose -4*n + 42 = -n. List the prime factors of 7/(n/78) + 4.
43
Let q(k) = -3*k**3 + 11*k**2 - 15*k + 15. Let p(s) = -13*s**3 + 43*s**2 - 59*s + 60. Let z(t) = -2*p(t) + 9*q(t). What are the prime factors of z(11)?
2, 5, 7
Suppose 0*u + 105 = 3*u. Let i = 8 + -28. Let d = u + i. What are the prime factors of d?
3, 5
Suppose -4*w + 1 = 3*t - 2, -5*t = 4*w - 13. Suppose -t*j + 36 = -49. What are the prime factors of j?
17
Let p(z) = 41*z**2 - 21*z - 100. What are the prime factors of p(-5)?
2, 5, 103
Let j = -3804 - -5332. List the prime factors of j.
2, 191
Suppose 0 = -6*j + 5*j - 98. Let g = 188 + j. List the prime factors of g.
2, 3, 5
Let s(f) = 167*f**2 + 4*f - 1. Let l(g) = g**2 + 3*g - 3. Let n be l(-4). What are the prime factors of s(n)?
2, 5, 17
Let w be -8*(0 - -1)/(-1). Let c(f) = -2*f - 3. Let p be c(w). Let q = 41 + p. What are the prime factors of q?
2, 11
Let z(b) = 2*b**2 - 3*b + 1. Let x be z(2). Suppose -3*m + 138 = 3*v, 4*m + x*v - 184 = 6*v. What are the prime factors of 0 + m - (5 + -3)?
2, 11
Suppose 2*k = 3183 + 3723. List the prime factors of k.
3, 1151
Suppose -11*v - 2*p + 159 = -6*v, 5*v - 162 = -p. Suppose 0 = 35*i - v*i - 484. List the prime factors of i.
2, 11
Let r(k) = k**3 - 9*k**2 + 2*k + 5. Let g(a) = 3*a + 3. Let t be g(2). List the prime factors of r(t).
23
Let t be (-5)/3*(-3 - 0). Suppose -2*a - 3*b + 96 = -59, -2*a + 161 = t*b. List the prime factors of a.
73
Let n = -121 + 372. What are the prime factors of n?
251
Suppose 15*z - 20320 - 50645 = 0. What are the prime factors of z?
3, 19, 83
Let o be (14 + -1)*1/1. Let f = o + 80. Suppose 0*n + n - 42 = -5*c, -4*n = -5*c - f. What are the prime factors of n?
3
Suppose 6*p = 2*p. Suppose -4*q = -p*q + 80. List the prime factors of q/15*15/(-2).
2, 5
Let j = -13 - -13. Suppose -3*z - 2*x + 68 = 0, j = 4*z - 2*x + 6*x - 92. Suppose m + 4*l = z, -l = -3*m - 2*l + 22. List the prime factors of m.
2, 3
Let o be -1 + -1 + 55/11. Suppose 0 = 3*c + m + o, -c + 3*m + 1 = -2*c. List the prime factors of 12 + (-3 + c)/4.
11
Let h be -1 - -65 - 2/1 - 2. Suppose m - 167 = h. List the prime factors of m.
227
Let l(z) = z**2 + 7*z. Let a be l(-8). Let b be a/3 + 5/15. Suppose -16 - 2 = -b*i. List the prime factors of i.
2, 3
Suppose -22 = -7*z - 4*z. Suppose -89 = z*o - 3*o. List the prime factors of o.
89
Let b(j) = 3*j - 4. Let g be b(2). Suppose g*h - 232 + 88 = 0. What are the prime factors of h?
2, 3
Let f(y) = 89*y - 10. Let c be f(4). Let t = c - 231. Let u = t + -75. What are the prime factors of u?
2, 5
List the prime factors of (-40)/15*(-1962)/12.
2, 109
What are the prime factors of 428/(-3)*1044/(-58)?
2, 3, 107
Let q be (-2)/5 - (-6)/15. Suppose q = -z - 3, -43 = -c + 2*z. List the prime factors of c.
37
Let l = 40 + -45. What are the prime factors of -3 - (-1 - l/((-10)/188))?
2, 23
Let n(k) = 83*k**2 - 55*k + 6. What are the prime factors of n(4)?
2, 557
Let l(x) = x**2 + x + 8. Let b be l(0). Suppose -3*y = -b - 7. Suppose -3*p - 24 = -y*p - 3*r, 5*p = 2*r + 60. List the prime factors of p.
2, 3
Let z be 38/3 - 26/39. List the prime factors of (z - (3 + -1)) + 3.
13
Suppose k = h - 4*h + 404, -h + k + 128 = 0. Let v be (-26)/(-7)*(-70)/(-10). Suppose 3*o - 159 = -2*p, 3*o = -5*p + h + v. What are the prime factors of o?
53
Let q be (-1155)/(1 - 4) + 4 + 2. Let t = -206 + q. List the prime factors of t.
5, 37
Let n be 1023/7 + 2/(-14). Suppose 53 = a - 2*w, -2*a - 2*w + n = 2*w. Suppose 5*f - 173 = p, -4*p = -5*f + a + 104. List the prime factors of f.
5, 7
Suppose 0 = -6*f + 11 + 25. Let l(b) = b**2 + 2*b - 7. List the prime factors of l(f).
41
Let u = 93 - 67. Suppose -a - 3*p - 16 = -49, -86 = -2*a + 4*p. Suppose 4*y + 10 = 4*t - u, -a = -3*t - y. What are the prime factors of t?
2, 3
Let u = -132 - -277. What are the prime factors of u?
5, 29
Let d be (-2)/(-10) + 12/15. Let k be 3*d/3*-1. Let o(l) = -26*l - 2. List the prime factors of o(k).
2, 3
Suppose -4*y = -8*y. Let r = y + 5. Suppose -r*t - 17 = -72. List the prime factors of t.
11
Suppose -5*h = -307 - 388. Suppose 4*r - 57 = h. Let x = r + -35. What are the prime factors of x?
2, 7
Suppose -10*i + 6534 = 8*i. What are the prime factors of i?
3, 11
Let o be 2*(9/6 + -2) - -3. Suppose o*s = -u + 103, -4*s = 3*u - 7*s - 273. List the prime factors of u.
5, 19
Suppose o + 0*o - 1051 = 2*w, w + 2090 = 2*o. What are the prime factors of o?
7, 149
List the prime factors of (-1)/(7 + 71939/(-10276)).
2, 367
Let i = 3 - 3. Suppose 0 = -2*a + 3*n + 22, -5*n - 3 = a - 3*n. Suppose a*j - 86 + 1 = i. What are the prime factors of 